{"id":3046,"date":"2026-02-27T10:08:21","date_gmt":"2026-02-27T10:08:21","guid":{"rendered":"https:\/\/ruralketing.com\/?page_id=3046"},"modified":"2026-02-27T11:20:43","modified_gmt":"2026-02-27T11:20:43","slug":"servicios-nous","status":"publish","type":"page","link":"https:\/\/ruralketing.com\/val\/servicios-nous\/","title":{"rendered":"Servicios nous"},"content":{"rendered":"\t\t<div data-elementor-type=\"wp-page\" data-elementor-id=\"3046\" class=\"elementor elementor-3046\" data-elementor-settings=\"{&quot;ha_cmc_init_switcher&quot;:&quot;no&quot;}\" data-elementor-post-type=\"page\">\n\t\t\t\t<div class=\"elementor-element elementor-element-5c6fa7e e-flex e-con-boxed e-con e-parent\" data-id=\"5c6fa7e\" data-element_type=\"container\" data-e-type=\"container\" data-settings=\"{&quot;_ha_eqh_enable&quot;:false}\">\n\t\t\t\t\t<div class=\"e-con-inner\">\n\t\t<div class=\"elementor-element elementor-element-71a6dd8 e-con-full e-flex e-con e-child\" data-id=\"71a6dd8\" data-element_type=\"container\" data-e-type=\"container\" data-settings=\"{&quot;motion_fx_motion_fx_scrolling&quot;:&quot;yes&quot;,&quot;_ha_eqh_enable&quot;:false,&quot;motion_fx_devices&quot;:[&quot;desktop&quot;,&quot;tablet&quot;,&quot;mobile&quot;]}\">\n\t\t<div class=\"elementor-element elementor-element-06a2956 e-con-full e-flex e-con e-child\" data-id=\"06a2956\" data-element_type=\"container\" data-e-type=\"container\" data-settings=\"{&quot;sticky&quot;:&quot;top&quot;,&quot;sticky_parent&quot;:&quot;yes&quot;,&quot;_ha_eqh_enable&quot;:false,&quot;sticky_on&quot;:[&quot;desktop&quot;,&quot;tablet&quot;,&quot;mobile&quot;],&quot;sticky_offset&quot;:0,&quot;sticky_effects_offset&quot;:0,&quot;sticky_anchor_link_offset&quot;:0}\">\n\t\t\t\t<div class=\"elementor-element elementor-element-cef5d59 elementor-widget elementor-widget-text-editor\" data-id=\"cef5d59\" data-element_type=\"widget\" data-e-type=\"widget\" data-settings=\"{&quot;sticky&quot;:&quot;top&quot;,&quot;sticky_offset&quot;:200,&quot;sticky_on&quot;:[&quot;desktop&quot;,&quot;tablet&quot;,&quot;mobile&quot;],&quot;sticky_effects_offset&quot;:0,&quot;sticky_anchor_link_offset&quot;:0}\" data-widget_type=\"text-editor.default\">\n\t\t\t\t<div class=\"elementor-widget-container\">\n\t\t\t\t\t\t\t\t\t<p>T\u00fa p\u00eddenos lo que necesites, expl\u00edcate a tu manera, sin tecnicismo ni nada de eso, con tus palabras, como se lo dir\u00edas a un colega, vaya. No te preocupes, que ya nos encargamos nosotros de traducirlo y de entenderte.<\/p>\t\t\t\t\t\t\t\t<\/div>\n\t\t\t\t<\/div>\n\t\t\t\t<\/div>\n\t\t<div class=\"elementor-element elementor-element-205daab e-con-full e-flex e-con e-child\" data-id=\"205daab\" data-element_type=\"container\" data-e-type=\"container\" data-settings=\"{&quot;sticky&quot;:&quot;bottom&quot;,&quot;sticky_parent&quot;:&quot;yes&quot;,&quot;sticky_offset&quot;:70,&quot;_ha_eqh_enable&quot;:false,&quot;sticky_on&quot;:[&quot;desktop&quot;,&quot;tablet&quot;,&quot;mobile&quot;],&quot;sticky_effects_offset&quot;:0,&quot;sticky_anchor_link_offset&quot;:0}\">\n\t\t\t\t<div class=\"elementor-element elementor-element-51c3ee0 elementor-widget elementor-widget-heading\" data-id=\"51c3ee0\" data-element_type=\"widget\" data-e-type=\"widget\" data-settings=\"{&quot;sticky&quot;:&quot;bottom&quot;,&quot;sticky_on&quot;:[&quot;desktop&quot;,&quot;tablet&quot;,&quot;mobile&quot;],&quot;sticky_offset&quot;:0,&quot;sticky_effects_offset&quot;:0,&quot;sticky_anchor_link_offset&quot;:0}\" data-widget_type=\"heading.default\">\n\t\t\t\t<div class=\"elementor-widget-container\">\n\t\t\t\t\t<h2 class=\"elementor-heading-title elementor-size-default\">Servicios<\/h2>\t\t\t\t<\/div>\n\t\t\t\t<\/div>\n\t\t\t\t<\/div>\n\t\t\t\t<\/div>\n\t\t<div class=\"elementor-element elementor-element-bc1da9d e-con-full e-flex e-con e-child\" data-id=\"bc1da9d\" data-element_type=\"container\" data-e-type=\"container\" data-settings=\"{&quot;_ha_eqh_enable&quot;:false}\">\n\t\t<div class=\"elementor-element elementor-element-0147367 e-con-full e-transform e-flex e-con e-child\" data-id=\"0147367\" data-element_type=\"container\" data-e-type=\"container\" data-settings=\"{&quot;_transform_rotateZ_effect&quot;:{&quot;unit&quot;:&quot;px&quot;,&quot;size&quot;:-5,&quot;sizes&quot;:[]},&quot;_ha_eqh_enable&quot;:false,&quot;_transform_rotateZ_effect_tablet&quot;:{&quot;unit&quot;:&quot;deg&quot;,&quot;size&quot;:&quot;&quot;,&quot;sizes&quot;:[]},&quot;_transform_rotateZ_effect_mobile&quot;:{&quot;unit&quot;:&quot;deg&quot;,&quot;size&quot;:&quot;&quot;,&quot;sizes&quot;:[]}}\">\n\t\t\t\t<div class=\"elementor-element elementor-element-de02bc7 elementor-widget elementor-widget-image\" data-id=\"de02bc7\" data-element_type=\"widget\" data-e-type=\"widget\" data-widget_type=\"image.default\">\n\t\t\t\t<div class=\"elementor-widget-container\">\n\t\t\t\t\t\t\t\t\t\t\t\t\t\t\t<img fetchpriority=\"high\" decoding=\"async\" width=\"800\" height=\"1000\" src=\"https:\/\/ruralketing.com\/wp-content\/uploads\/2026\/02\/Diseno-camiseta-magdalena-Marta-Fabregat-819x1024.jpg\" class=\"attachment-large size-large wp-image-3066\" alt=\"\" srcset=\"https:\/\/ruralketing.com\/wp-content\/uploads\/2026\/02\/Diseno-camiseta-magdalena-Marta-Fabregat-819x1024.jpg 819w, https:\/\/ruralketing.com\/wp-content\/uploads\/2026\/02\/Diseno-camiseta-magdalena-Marta-Fabregat-240x300.jpg 240w, https:\/\/ruralketing.com\/wp-content\/uploads\/2026\/02\/Diseno-camiseta-magdalena-Marta-Fabregat-768x960.jpg 768w, https:\/\/ruralketing.com\/wp-content\/uploads\/2026\/02\/Diseno-camiseta-magdalena-Marta-Fabregat-1229x1536.jpg 1229w, https:\/\/ruralketing.com\/wp-content\/uploads\/2026\/02\/Diseno-camiseta-magdalena-Marta-Fabregat-1638x2048.jpg 1638w, https:\/\/ruralketing.com\/wp-content\/uploads\/2026\/02\/Diseno-camiseta-magdalena-Marta-Fabregat-10x12.jpg 10w, https:\/\/ruralketing.com\/wp-content\/uploads\/2026\/02\/Diseno-camiseta-magdalena-Marta-Fabregat-scaled.jpg 2048w\" sizes=\"(max-width: 800px) 100vw, 800px\" \/>\t\t\t\t\t\t\t\t\t\t\t\t\t\t\t<\/div>\n\t\t\t\t<\/div>\n\t\t<div class=\"elementor-element elementor-element-7dc3391 e-flex e-con-boxed e-con e-child\" data-id=\"7dc3391\" data-element_type=\"container\" data-e-type=\"container\" data-settings=\"{&quot;_ha_eqh_enable&quot;:false}\">\n\t\t\t\t\t<div class=\"e-con-inner\">\n\t\t\t\t<div class=\"elementor-element elementor-element-af872ea ha-has-bg-overlay elementor-widget elementor-widget-text-editor\" data-id=\"af872ea\" data-element_type=\"widget\" data-e-type=\"widget\" data-widget_type=\"text-editor.default\">\n\t\t\t\t<div class=\"elementor-widget-container\">\n\t\t\t\t\t\t\t\t\t<p>PUBLICIDAD<\/p>\t\t\t\t\t\t\t\t<\/div>\n\t\t\t\t<\/div>\n\t\t\t\t\t<\/div>\n\t\t\t\t<\/div>\n\t\t\t\t<div class=\"elementor-element elementor-element-7258729 elementor-widget elementor-widget-text-editor\" data-id=\"7258729\" data-element_type=\"widget\" data-e-type=\"widget\" data-widget_type=\"text-editor.default\">\n\t\t\t\t<div class=\"elementor-widget-container\">\n\t\t\t\t\t\t\t\t\t<p>Lorem ipsum dolor sit amet, consectetur adipiscing elit. Ut elit tellus, luctus nec ullamcorper mattis, pulvinar dapibus leo.<\/p>\t\t\t\t\t\t\t\t<\/div>\n\t\t\t\t<\/div>\n\t\t\t\t<\/div>\n\t\t\t\t<\/div>\n\t\t\t\t\t<\/div>\n\t\t\t\t<\/div>\n\t\t<div class=\"elementor-element elementor-element-dfcc978 e-flex e-con-boxed e-con e-parent\" data-id=\"dfcc978\" data-element_type=\"container\" data-e-type=\"container\" data-settings=\"{&quot;_ha_eqh_enable&quot;:false}\">\n\t\t\t\t\t<div class=\"e-con-inner\">\n\t\t<div class=\"elementor-element elementor-element-3a45184 cursor-especial e-flex e-con-boxed e-con e-child\" data-id=\"3a45184\" data-element_type=\"container\" data-e-type=\"container\" data-settings=\"{&quot;background_background&quot;:&quot;classic&quot;,&quot;_ha_eqh_enable&quot;:false}\">\n\t\t\t\t\t<div class=\"e-con-inner\">\n\t\t\t\t<div class=\"elementor-element elementor-element-74b78ba elementor-widget elementor-widget-heading\" data-id=\"74b78ba\" data-element_type=\"widget\" data-e-type=\"widget\" data-widget_type=\"heading.default\">\n\t\t\t\t<div class=\"elementor-widget-container\">\n\t\t\t\t\t<h2 class=\"elementor-heading-title elementor-size-default\">\u00bfYa tienes ganas de que hagamos algo?<\/h2>\t\t\t\t<\/div>\n\t\t\t\t<\/div>\n\t\t<div class=\"elementor-element elementor-element-6ef6484 e-flex e-con-boxed e-con e-child\" data-id=\"6ef6484\" data-element_type=\"container\" data-e-type=\"container\" data-settings=\"{&quot;_ha_eqh_enable&quot;:false}\">\n\t\t\t\t\t<div class=\"e-con-inner\">\n\t\t\t\t<div class=\"elementor-element elementor-element-4b2dcca elementor-widget__width-initial elementor-widget elementor-widget-text-editor\" data-id=\"4b2dcca\" data-element_type=\"widget\" data-e-type=\"widget\" data-widget_type=\"text-editor.default\">\n\t\t\t\t<div class=\"elementor-widget-container\">\n\t\t\t\t\t\t\t\t\t<p>Podemos tomarnos un caf\u00e9, almorzar o, bueno, tambi\u00e9n podemos empezar con la visibilidad de tu negocio.\u00a0<\/p>\t\t\t\t\t\t\t\t<\/div>\n\t\t\t\t<\/div>\n\t\t\t\t<div class=\"elementor-element elementor-element-1135ce9 elementor-align-center e-transform e-transform elementor-widget elementor-widget-button\" data-id=\"1135ce9\" data-element_type=\"widget\" data-e-type=\"widget\" data-settings=\"{&quot;_transform_rotateZ_effect&quot;:{&quot;unit&quot;:&quot;px&quot;,&quot;size&quot;:0,&quot;sizes&quot;:[]},&quot;_transform_scale_effect_hover&quot;:{&quot;unit&quot;:&quot;px&quot;,&quot;size&quot;:1.1,&quot;sizes&quot;:[]},&quot;_transform_rotateZ_effect_tablet&quot;:{&quot;unit&quot;:&quot;deg&quot;,&quot;size&quot;:&quot;&quot;,&quot;sizes&quot;:[]},&quot;_transform_rotateZ_effect_mobile&quot;:{&quot;unit&quot;:&quot;deg&quot;,&quot;size&quot;:&quot;&quot;,&quot;sizes&quot;:[]},&quot;_transform_scale_effect_hover_tablet&quot;:{&quot;unit&quot;:&quot;px&quot;,&quot;size&quot;:&quot;&quot;,&quot;sizes&quot;:[]},&quot;_transform_scale_effect_hover_mobile&quot;:{&quot;unit&quot;:&quot;px&quot;,&quot;size&quot;:&quot;&quot;,&quot;sizes&quot;:[]}}\" data-widget_type=\"button.default\">\n\t\t\t\t<div class=\"elementor-widget-container\">\n\t\t\t\t\t\t\t\t\t<div class=\"elementor-button-wrapper\">\n\t\t\t\t\t<a class=\"elementor-button elementor-button-link elementor-size-md\" href=\"https:\/\/ruralketing.com\/contacto\/\">\n\t\t\t\t\t\t<span class=\"elementor-button-content-wrapper\">\n\t\t\t\t\t\t<span class=\"elementor-button-icon\">\n\t\t\t\t<svg xmlns=\"http:\/\/www.w3.org\/2000\/svg\" width=\"19\" height=\"19\" viewBox=\"0 0 19 19\" fill=\"none\"><path d=\"M17.0416 0.485374L18.4559 1.89959L17.7488 2.60669L18.4559 3.3138L17.7488 4.02091L18.4559 4.72801L17.7488 5.43512L18.4559 6.14223L17.7488 6.84934L18.4559 7.55644L17.7488 8.26355L18.4559 8.97066L17.7488 9.67776L18.4559 10.3849L17.7488 11.092L18.4559 11.7991L17.7488 12.5062L18.4559 13.2133L17.7488 13.9204L18.4559 14.6275L17.7488 15.3346L18.4559 16.0417L17.7488 16.7488L17.0416 16.0417L16.3345 16.7488L15.6274 16.0417L14.9203 16.7488L14.2132 16.0417L14.9203 15.3346L14.2132 14.6275L14.9203 13.9204L14.2132 13.2133L14.9203 12.5062L14.2132 11.7991L14.9203 11.092L14.2132 10.3849L14.9203 9.67776L14.2132 8.97066L14.9203 8.26355L14.2132 7.55644L3.60662 18.163L0.778193 15.3346L11.3848 4.72801L10.6777 4.02091L9.97058 4.72801L9.26347 4.02091L8.55637 4.72801L7.84926 4.02091L7.14215 4.72801L6.43505 4.02091L5.72794 4.72801L5.02083 4.02091L4.31373 4.72801L3.60662 4.02091L2.89951 4.72801L2.19241 4.02091L2.89951 3.3138L2.19241 2.60669L2.89951 1.89959L2.19241 1.19248L2.89951 0.485374L3.60662 1.19248L4.31373 0.485374L5.02083 1.19248L5.72794 0.485374L6.43505 1.19248L7.14215 0.485374L7.84926 1.19248L8.55637 0.485374L9.26347 1.19248L9.97058 0.485374L10.6777 1.19248L11.3848 0.485374L12.0919 1.19248L12.799 0.485374L13.5061 1.19248L14.2132 0.485374L14.9203 1.19248L15.6274 0.485374L16.3345 1.19248L17.0416 0.485374Z\" fill=\"#044437\"><\/path><\/svg>\t\t\t<\/span>\n\t\t\t\t\t\t\t\t\t<span class=\"elementor-button-text\">\u00bfEmpezamos?<\/span>\n\t\t\t\t\t<\/span>\n\t\t\t\t\t<\/a>\n\t\t\t\t<\/div>\n\t\t\t\t\t\t\t\t<\/div>\n\t\t\t\t<\/div>\n\t\t\t\t\t<\/div>\n\t\t\t\t<\/div>\n\t\t\t\t\t<\/div>\n\t\t\t\t<\/div>\n\t\t\t\t\t<\/div>\n\t\t\t\t<\/div>\n\t\t<div class=\"elementor-element elementor-element-8374c4d elementor-hidden-tablet elementor-hidden-mobile e-flex e-con-boxed e-con e-parent\" data-id=\"8374c4d\" data-element_type=\"container\" data-e-type=\"container\" data-settings=\"{&quot;_ha_eqh_enable&quot;:false}\">\n\t\t\t\t\t<div class=\"e-con-inner\">\n\t\t\t\t<div class=\"elementor-element elementor-element-f11d826 elementor-widget elementor-widget-html\" data-id=\"f11d826\" data-element_type=\"widget\" data-e-type=\"widget\" data-widget_type=\"html.default\">\n\t\t\t\t<div class=\"elementor-widget-container\">\n\t\t\t\t\t<a class=\"cta-circular\" href=\"https:\/\/ruralketing.com\/contacto\/\" aria-label=\"\u00bfAlmorzamos?\">\r\n  <img decoding=\"async\" class=\"ring-center\"\r\n       src=\"https:\/\/ruralketing.com\/wp-content\/uploads\/2025\/07\/gilda.png\"\r\n       alt=\"\u00bfAlmorzamos?\" \/>\r\n  <span class=\"cta-text\">\u00bfAlmorzamos?<\/span>\r\n<\/a>\r\n\t\t\t\t<\/div>\n\t\t\t\t<\/div>\n\t\t\t\t\t<\/div>\n\t\t\t\t<\/div>\n\t\t<div class=\"elementor-element elementor-element-7f140c6 e-flex e-con-boxed e-con e-parent\" data-id=\"7f140c6\" data-element_type=\"container\" data-e-type=\"container\" data-settings=\"{&quot;_ha_eqh_enable&quot;:false}\">\n\t\t\t\t\t<div class=\"e-con-inner\">\n\t\t\t\t<div class=\"elementor-element elementor-element-0fa854e elementor-widget elementor-widget-html\" data-id=\"0fa854e\" data-element_type=\"widget\" data-e-type=\"widget\" data-widget_type=\"html.default\">\n\t\t\t\t<div class=\"elementor-widget-container\">\n\t\t\t\t\t<a class=\"boton_momentia\" \r\n   href=\"https:\/\/momentia.ruralketing.com\/\" \r\n   aria-label=\"\u00bfAutomatizamos?\" \r\n   target=\"_blank\" \r\n   rel=\"noopener noreferrer\">\r\n  <img decoding=\"async\" class=\"ring-center\"\r\n       src=\"https:\/\/ruralketing.com\/wp-content\/uploads\/2025\/10\/Ruralketing-publicacions-juny-1080-x-1350-px-8.png\"\r\n       alt=\"\u00bfAutomatizamos?\" \/>\r\n  <span class=\"cta-text\">\u00bfAutomatizamos?<\/span>\r\n<\/a>\r\n\t\t\t\t<\/div>\n\t\t\t\t<\/div>\n\t\t\t\t\t<\/div>\n\t\t\t\t<\/div>\n\t\t\t\t<\/div>\n\t\t","protected":false},"excerpt":{"rendered":"<p>T\u00fa p\u00eddenos lo que necesites, expl\u00edcate a tu manera, sin tecnicismo ni nada de eso, con tus palabras, como se lo dir\u00edas a un colega, vaya. No te preocupes, que ya nos encargamos nosotros de traducirlo y de entenderte. Servicios PUBLICIDAD Lorem ipsum dolor sit amet, consectetur adipiscing elit. Ut elit tellus, luctus nec ullamcorper [&hellip;]<\/p>\n","protected":false},"author":3,"featured_media":0,"parent":0,"menu_order":0,"comment_status":"closed","ping_status":"closed","template":"elementor_header_footer","meta":{"footnotes":""},"class_list":["post-3046","page","type-page","status-publish","hentry"],"aioseo_notices":[],"yoast_head":"<!-- This site is optimized with the Yoast SEO plugin v27.5 - https:\/\/yoast.com\/product\/yoast-seo-wordpress\/ -->\n<title>Servicios nous - Ruralketing<\/title>\n<meta name=\"robots\" content=\"index, follow, max-snippet:-1, max-image-preview:large, max-video-preview:-1\" \/>\n<link rel=\"canonical\" href=\"https:\/\/ruralketing.com\/val\/servicios-nous\/\" \/>\n<meta property=\"og:locale\" content=\"ca_ES\" \/>\n<meta property=\"og:type\" content=\"article\" \/>\n<meta property=\"og:title\" content=\"Servicios nous - Ruralketing\" \/>\n<meta property=\"og:description\" content=\"T\u00fa p\u00eddenos lo que necesites, expl\u00edcate a tu manera, sin tecnicismo ni nada de eso, con tus palabras, como se lo dir\u00edas a un colega, vaya. No te preocupes, que ya nos encargamos nosotros de traducirlo y de entenderte. Servicios PUBLICIDAD Lorem ipsum dolor sit amet, consectetur adipiscing elit. Ut elit tellus, luctus nec ullamcorper [&hellip;]\" \/>\n<meta property=\"og:url\" content=\"https:\/\/ruralketing.com\/val\/servicios-nous\/\" \/>\n<meta property=\"og:site_name\" content=\"Ruralketing\" \/>\n<meta property=\"article:publisher\" content=\"https:\/\/www.facebook.com\/ruralketing\" \/>\n<meta property=\"article:modified_time\" content=\"2026-02-27T11:20:43+00:00\" \/>\n<meta property=\"og:image\" content=\"https:\/\/ruralketing.com\/wp-content\/uploads\/2026\/02\/Diseno-camiseta-magdalena-Marta-Fabregat-scaled.jpg\" \/>\n\t<meta property=\"og:image:width\" content=\"2048\" \/>\n\t<meta property=\"og:image:height\" content=\"2560\" \/>\n\t<meta property=\"og:image:type\" content=\"image\/jpeg\" \/>\n<meta name=\"twitter:card\" content=\"summary_large_image\" \/>\n<meta name=\"twitter:label1\" content=\"Temps estimat de lectura\" \/>\n\t<meta name=\"twitter:data1\" content=\"1 minut\" \/>\n<script type=\"application\/ld+json\" class=\"yoast-schema-graph\">{\"@context\":\"https:\\\/\\\/schema.org\",\"@graph\":[{\"@type\":\"WebPage\",\"@id\":\"https:\\\/\\\/ruralketing.com\\\/servicios-nous\\\/\",\"url\":\"https:\\\/\\\/ruralketing.com\\\/servicios-nous\\\/\",\"name\":\"Servicios nous - Ruralketing\",\"isPartOf\":{\"@id\":\"https:\\\/\\\/ruralketing.com\\\/#website\"},\"primaryImageOfPage\":{\"@id\":\"https:\\\/\\\/ruralketing.com\\\/servicios-nous\\\/#primaryimage\"},\"image\":{\"@id\":\"https:\\\/\\\/ruralketing.com\\\/servicios-nous\\\/#primaryimage\"},\"thumbnailUrl\":\"https:\\\/\\\/ruralketing.com\\\/wp-content\\\/uploads\\\/2026\\\/02\\\/Diseno-camiseta-magdalena-Marta-Fabregat-819x1024.jpg\",\"datePublished\":\"2026-02-27T10:08:21+00:00\",\"dateModified\":\"2026-02-27T11:20:43+00:00\",\"breadcrumb\":{\"@id\":\"https:\\\/\\\/ruralketing.com\\\/servicios-nous\\\/#breadcrumb\"},\"inLanguage\":\"ca\",\"potentialAction\":[{\"@type\":\"ReadAction\",\"target\":[\"https:\\\/\\\/ruralketing.com\\\/servicios-nous\\\/\"]}]},{\"@type\":\"ImageObject\",\"inLanguage\":\"ca\",\"@id\":\"https:\\\/\\\/ruralketing.com\\\/servicios-nous\\\/#primaryimage\",\"url\":\"https:\\\/\\\/ruralketing.com\\\/wp-content\\\/uploads\\\/2026\\\/02\\\/Diseno-camiseta-magdalena-Marta-Fabregat-819x1024.jpg\",\"contentUrl\":\"https:\\\/\\\/ruralketing.com\\\/wp-content\\\/uploads\\\/2026\\\/02\\\/Diseno-camiseta-magdalena-Marta-Fabregat-819x1024.jpg\"},{\"@type\":\"BreadcrumbList\",\"@id\":\"https:\\\/\\\/ruralketing.com\\\/servicios-nous\\\/#breadcrumb\",\"itemListElement\":[{\"@type\":\"ListItem\",\"position\":1,\"name\":\"Portada\",\"item\":\"https:\\\/\\\/ruralketing.com\\\/\"},{\"@type\":\"ListItem\",\"position\":2,\"name\":\"Servicios nous\"}]},{\"@type\":\"WebSite\",\"@id\":\"https:\\\/\\\/ruralketing.com\\\/#website\",\"url\":\"https:\\\/\\\/ruralketing.com\\\/\",\"name\":\"Ruralketing\",\"description\":\"\",\"publisher\":{\"@id\":\"https:\\\/\\\/ruralketing.com\\\/#organization\"},\"potentialAction\":[{\"@type\":\"SearchAction\",\"target\":{\"@type\":\"EntryPoint\",\"urlTemplate\":\"https:\\\/\\\/ruralketing.com\\\/?s={search_term_string}\"},\"query-input\":{\"@type\":\"PropertyValueSpecification\",\"valueRequired\":true,\"valueName\":\"search_term_string\"}}],\"inLanguage\":\"ca\"},{\"@type\":\"Organization\",\"@id\":\"https:\\\/\\\/ruralketing.com\\\/#organization\",\"name\":\"Ruralketing\",\"url\":\"https:\\\/\\\/ruralketing.com\\\/\",\"logo\":{\"@type\":\"ImageObject\",\"inLanguage\":\"ca\",\"@id\":\"https:\\\/\\\/ruralketing.com\\\/#\\\/schema\\\/logo\\\/image\\\/\",\"url\":\"https:\\\/\\\/ruralketing.com\\\/wp-content\\\/uploads\\\/2023\\\/09\\\/cropped-logo-ruralketing.png\",\"contentUrl\":\"https:\\\/\\\/ruralketing.com\\\/wp-content\\\/uploads\\\/2023\\\/09\\\/cropped-logo-ruralketing.png\",\"width\":407,\"height\":76,\"caption\":\"Ruralketing\"},\"image\":{\"@id\":\"https:\\\/\\\/ruralketing.com\\\/#\\\/schema\\\/logo\\\/image\\\/\"},\"sameAs\":[\"https:\\\/\\\/www.facebook.com\\\/ruralketing\",\"https:\\\/\\\/www.instagram.com\\\/ruralketing_oficial\"]}]}<\/script>\n<!-- \/ Yoast SEO plugin. -->","yoast_head_json":{"title":"Servicios nous - Ruralketing","robots":{"index":"index","follow":"follow","max-snippet":"max-snippet:-1","max-image-preview":"max-image-preview:large","max-video-preview":"max-video-preview:-1"},"canonical":"https:\/\/ruralketing.com\/val\/servicios-nous\/","og_locale":"ca_ES","og_type":"article","og_title":"Servicios nous - Ruralketing","og_description":"T\u00fa p\u00eddenos lo que necesites, expl\u00edcate a tu manera, sin tecnicismo ni nada de eso, con tus palabras, como se lo dir\u00edas a un colega, vaya. No te preocupes, que ya nos encargamos nosotros de traducirlo y de entenderte. Servicios PUBLICIDAD Lorem ipsum dolor sit amet, consectetur adipiscing elit. Ut elit tellus, luctus nec ullamcorper [&hellip;]","og_url":"https:\/\/ruralketing.com\/val\/servicios-nous\/","og_site_name":"Ruralketing","article_publisher":"https:\/\/www.facebook.com\/ruralketing","article_modified_time":"2026-02-27T11:20:43+00:00","og_image":[{"width":2048,"height":2560,"url":"https:\/\/ruralketing.com\/wp-content\/uploads\/2026\/02\/Diseno-camiseta-magdalena-Marta-Fabregat-scaled.jpg","type":"image\/jpeg"}],"twitter_card":"summary_large_image","twitter_misc":{"Temps estimat de lectura":"1 minut"},"schema":{"@context":"https:\/\/schema.org","@graph":[{"@type":"WebPage","@id":"https:\/\/ruralketing.com\/servicios-nous\/","url":"https:\/\/ruralketing.com\/servicios-nous\/","name":"Servicios nous - Ruralketing","isPartOf":{"@id":"https:\/\/ruralketing.com\/#website"},"primaryImageOfPage":{"@id":"https:\/\/ruralketing.com\/servicios-nous\/#primaryimage"},"image":{"@id":"https:\/\/ruralketing.com\/servicios-nous\/#primaryimage"},"thumbnailUrl":"https:\/\/ruralketing.com\/wp-content\/uploads\/2026\/02\/Diseno-camiseta-magdalena-Marta-Fabregat-819x1024.jpg","datePublished":"2026-02-27T10:08:21+00:00","dateModified":"2026-02-27T11:20:43+00:00","breadcrumb":{"@id":"https:\/\/ruralketing.com\/servicios-nous\/#breadcrumb"},"inLanguage":"ca","potentialAction":[{"@type":"ReadAction","target":["https:\/\/ruralketing.com\/servicios-nous\/"]}]},{"@type":"ImageObject","inLanguage":"ca","@id":"https:\/\/ruralketing.com\/servicios-nous\/#primaryimage","url":"https:\/\/ruralketing.com\/wp-content\/uploads\/2026\/02\/Diseno-camiseta-magdalena-Marta-Fabregat-819x1024.jpg","contentUrl":"https:\/\/ruralketing.com\/wp-content\/uploads\/2026\/02\/Diseno-camiseta-magdalena-Marta-Fabregat-819x1024.jpg"},{"@type":"BreadcrumbList","@id":"https:\/\/ruralketing.com\/servicios-nous\/#breadcrumb","itemListElement":[{"@type":"ListItem","position":1,"name":"Portada","item":"https:\/\/ruralketing.com\/"},{"@type":"ListItem","position":2,"name":"Servicios nous"}]},{"@type":"WebSite","@id":"https:\/\/ruralketing.com\/#website","url":"https:\/\/ruralketing.com\/","name":"Ruralketing","description":"","publisher":{"@id":"https:\/\/ruralketing.com\/#organization"},"potentialAction":[{"@type":"SearchAction","target":{"@type":"EntryPoint","urlTemplate":"https:\/\/ruralketing.com\/?s={search_term_string}"},"query-input":{"@type":"PropertyValueSpecification","valueRequired":true,"valueName":"search_term_string"}}],"inLanguage":"ca"},{"@type":"Organization","@id":"https:\/\/ruralketing.com\/#organization","name":"Ruralketing","url":"https:\/\/ruralketing.com\/","logo":{"@type":"ImageObject","inLanguage":"ca","@id":"https:\/\/ruralketing.com\/#\/schema\/logo\/image\/","url":"https:\/\/ruralketing.com\/wp-content\/uploads\/2023\/09\/cropped-logo-ruralketing.png","contentUrl":"https:\/\/ruralketing.com\/wp-content\/uploads\/2023\/09\/cropped-logo-ruralketing.png","width":407,"height":76,"caption":"Ruralketing"},"image":{"@id":"https:\/\/ruralketing.com\/#\/schema\/logo\/image\/"},"sameAs":["https:\/\/www.facebook.com\/ruralketing","https:\/\/www.instagram.com\/ruralketing_oficial"]}]}},"_links":{"self":[{"href":"https:\/\/ruralketing.com\/val\/wp-json\/wp\/v2\/pages\/3046","targetHints":{"allow":["GET"]}}],"collection":[{"href":"https:\/\/ruralketing.com\/val\/wp-json\/wp\/v2\/pages"}],"about":[{"href":"https:\/\/ruralketing.com\/val\/wp-json\/wp\/v2\/types\/page"}],"author":[{"embeddable":true,"href":"https:\/\/ruralketing.com\/val\/wp-json\/wp\/v2\/users\/3"}],"replies":[{"embeddable":true,"href":"https:\/\/ruralketing.com\/val\/wp-json\/wp\/v2\/comments?post=3046"}],"version-history":[{"count":59,"href":"https:\/\/ruralketing.com\/val\/wp-json\/wp\/v2\/pages\/3046\/revisions"}],"predecessor-version":[{"id":3108,"href":"https:\/\/ruralketing.com\/val\/wp-json\/wp\/v2\/pages\/3046\/revisions\/3108"}],"wp:attachment":[{"href":"https:\/\/ruralketing.com\/val\/wp-json\/wp\/v2\/media?parent=3046"}],"curies":[{"name":"wp","href":"https:\/\/api.w.org\/{rel}","templated":true}]}}